eatest common divisor of 7616 and 38556.
476
What is the greatest common factor of 2648495 and 5?
5
What is the highest common factor of 432 and 7248?
48
What is the greatest common factor of 11880 and 40095?
1485
Calculate the greatest common divisor of 5100 and 476.
68
Calculate the highest common factor of 110784 and 2064.
48
Calculate the greatest common divisor of 56 and 98588.
28
What is the greatest common factor of 3818412 and 936?
468
What is the greatest common factor of 109107 and 1796?
449
What is the greatest common factor of 28 and 27412?
28
What is the greatest common factor of 1207 and 13632?
71
What is the greatest common divisor of 20463 and 456?
57
Calculate the greatest common factor of 207 and 68862.
69
Calculate the highest common factor of 87 and 685299.
87
What is the greatest common factor of 36 and 3537?
9
What is the greatest common factor of 1820 and 682136?
364
What is the highest common divisor of 7631 and 1436389?
587
Calculate the greatest common factor of 16039 and 6341.
373
What is the greatest common divisor of 13 and 41093?
13
Calculate the greatest common divisor of 560270 and 2191.
313
Calculate the highest common divisor of 3570219 and 522.
261
Calculate the greatest common divisor of 6260005 and 865.
865
Calculate the highest common factor of 3610 and 365.
5
Calculate the highest common factor of 10 and 706.
2
Calculate the greatest common divisor of 5 and 1131565.
5
What is the greatest common divisor of 384 and 1051328?
64
Calculate the greatest common divisor of 12178 and 452.
2
Calculate the greatest common divisor of 174444 and 12.
12
What is the highest common factor of 50970 and 48?
6
What is the greatest common divisor of 5 and 1448?
1
What is the greatest common divisor of 1386 and 119268?
18
Calculate the highest common divisor of 177905 and 13.
13
What is the highest common divisor of 72 and 613404?
36
Calculate the greatest common factor of 3504 and 6654.
6
What is the greatest common factor of 360 and 1384920?
360
Calculate the greatest common divisor of 150 and 176475.
75
Calculate the greatest common divisor of 137098 and 117.
13
Calculate the highest common divisor of 2241357 and 16024.
2003
What is the greatest common divisor of 106 and 3128537?
53
Calculate the highest common factor of 212013 and 9.
9
Calculate the highest common divisor of 56 and 1316.
28
What is the greatest common divisor of 94550 and 12505?
305
What is the greatest common factor of 58870 and 21490?
70
Calculate the greatest common divisor of 234 and 1246674.
78
What is the highest common divisor of 37985 and 1070?
535
Calculate the highest common divisor of 1386 and 1848.
462
Calculate the highest common divisor of 425 and 177905.
85
Calculate the greatest common divisor of 2619378 and 138.
138
What is the greatest common divisor of 2968 and 203944?
424
Calculate the greatest common factor of 490 and 261415.
245
Calculate the highest common factor of 66 and 37246.
22
Calculate the highest common divisor of 3971 and 3591.
19
What is the highest common factor of 6624 and 3168?
288
Calculate the greatest common factor of 34715 and 583.
53
Calculate the greatest common factor of 309979 and 749.
107
What is the greatest common divisor of 45626 and 14?
14
What is the greatest common divisor of 99 and 6017?
11
Calculate the highest common divisor of 338 and 5018.
26
Calculate the greatest common divisor of 2669 and 51.
17
Calculate the highest common divisor of 27 and 398331.
27
Calculate the highest common divisor of 6769602 and 378.
378
Calculate the highest common divisor of 3 and 27992.
1
Calculate the highest common factor of 17031 and 483.
21
Calculate the highest common factor of 4725 and 2881305.
945
Calculate the highest common divisor of 64 and 281024.
64
What is the highest common factor of 8551 and 1088?
17
What is the greatest common divisor of 1288 and 8456?
56
Calculate the greatest common divisor of 24747 and 11865.
339
What is the greatest common divisor of 7054812 and 72?
36
Calculate the highest common factor of 725 and 559990.
145
What is the highest common factor of 319 and 1955789?
319
Calculate the greatest common divisor of 194147 and 149.
149
What is the highest common divisor of 84 and 2390112?
12
What is the greatest common divisor of 2890 and 1370?
10
Calculate the highest common divisor of 30752 and 4.
4
Calculate the greatest common divisor of 15945 and 13665.
15
What is the greatest common factor of 112623 and 5017?
173
Calculate the greatest common divisor of 1904 and 17640.
56
What is the highest common divisor of 4977 and 567?
63
Calculate the greatest common divisor of 192 and 206144.
64
What is the highest common factor of 17227 and 107?
107
What is the greatest common divisor of 3344 and 868208?
176
Calculate the greatest common factor of 6375 and 156315.
255
What is the highest common divisor of 10896 and 2628?
12
What is the highest common factor of 1037 and 60333?
17
Calculate the highest common factor of 77 and 67312.
7
What is the highest common divisor of 45 and 480945?
15
What is the greatest common divisor of 7290 and 180?
90
What is the greatest common divisor of 754 and 3422?
58
What is the highest common factor of 2555 and 119?
7
What is the greatest common factor of 75 and 41445?
15
What is the highest common factor of 75754 and 98?
98
What is the highest common divisor of 1890 and 64470?
210
What is the highest common factor of 1261 and 2813?
97
Calculate the highest common divisor of 58182 and 12.
6
Calculate the greatest common factor of 18 and 14844.
6
Calculate the greatest common divisor of 563353 and 147.
49
Calculate the highest common divisor of 3024 and 104.
8
What is the greatest common factor of 186 and 119319?
93
Calculate the highest common factor of 84 and 144788.
28
Calculate the highest common factor of 32 and 2242.
2
What is the greatest common factor of 279 and 29109?
93
What is the greatest common divisor of 352 and 46432?
32
What is the greatest common divisor of 8480 and 63176?
424
Calculate the greatest common factor of 5152 and 1771.
161
What is the highest common divisor of 320 and 958912?
64
What is the highest common divisor of 39387 and 1482?
57
Calculate the highest common factor of 32 and 2448224.
32
Calculate the highest common factor of 388677 and 207.
69
Calculate the highest common divisor of 1900 and 1805.
95
What is the highest common factor of 164 and 12564?
4
Calculate the greatest common factor of 623663 and 349.
349
What is the greatest common divisor of 429 and 54769?
143
What is the greatest common divisor of 1535248 and 32?
16
Calculate the highest common divisor of 412 and 148938.
206
Calculate the greatest common divisor of 49881 and 231499.
1279
Calculate the highest common factor of 1143 and 171.
9
What is the highest common divisor of 1200 and 29400?
600
Calculate the highest common divisor of 4557 and 625611.
651
Calculate the highest common divisor of 3531 and 473.
11
What is the greatest common divisor of 476 and 82586?
238
What is the highest common factor of 36950 and 100?
50
What is the highest common factor of 1204 and 228932?
172
What is the greatest common factor of 10762 and 280?
2
Calculate the highest common divisor of 11704 and 968.
88
What is the greatest common divisor of 472 and 1411457?
59
What is the greatest common divisor of 4992 and 3200?
128
Calculate the greatest common divisor of 25661 and 11873.
383
Calculate the greatest common factor of 111660 and 60.
60
Calculate the highest common factor of 392 and 30870.
98
Calculate the greatest common factor of 10222 and 8.
2
Calculate the greatest common factor of 539 and 2112.
11
Calculate the greatest common divisor of 966 and 93156.
42
Calculate the highest common factor of 45 and 900675.
45
What is the highest common factor of 11119 and 4?
1
Calculate the highest common divisor of 20 and 6502.
2
Calculate the greatest common divisor of 16 and 410396.
4
Calculate the greatest common divisor of 13225 and 920.
115
Calculate the highest common divisor of 29952 and 12636.
468
What is the greatest common factor of 3612 and 86?
86
Calculate the highest common factor of 34228 and 4300.
172
What is the greatest common factor of 684405 and 10?
5
Calculate the gre